{"id":3658,"date":"2020-11-03T10:36:14","date_gmt":"2020-11-03T10:36:14","guid":{"rendered":"https:\/\/avvbufala.org\/?page_id=3658"},"modified":"2020-12-18T10:53:33","modified_gmt":"2020-12-18T10:53:33","slug":"serveis-que-oferim","status":"publish","type":"page","link":"https:\/\/avvbufala.org\/?page_id=3658","title":{"rendered":"Serveis que oferim"},"content":{"rendered":"<p style=\"text-align: center;\">SERVEIS QUE OFERIM:<\/p>\n<p style=\"text-align: center;\">La biblioteca ofereix diferents serveis com son:<br \/>\n* servei de pr\u00e9stec&nbsp;de llibres<br \/>\n* connexi\u00f3 wifi<br \/>\n* espai d&#8217;estudi<br \/>\nVISITES ESCOLARS<br \/>\nEl curs 2018-19, vam arrencar un nou projecte, oferint a les escoles p\u00fabliques del barri&nbsp; (Escola Bufal\u00e0, Escola Planas i Casals i Escola d&#8217;educaci\u00f3 especial Can Barriga) la possibilitat de visitar la nostra biblioteca en horari escolar. Les nostres volunt\u00e0ries s&#8217;encarregaven&nbsp; d&#8217;explicar un conte i despr\u00e9s fer algun taller o joc.<br \/>\nEl curs 2019-20 vam donar un nou impuls al projecte i els hi vam proposar a les escoles de fer visites mixtes. Preparavem conjuntament amb la Resid\u00e8ncia Parc Serentill o amb l&#8217;acad\u00e8mia d&#8217;angl\u00e8s&nbsp;Up2kids unes din\u00e0miques especials.&nbsp; Aix\u00ed doncs quan ens visitaven despr\u00e9s an\u00e0vem&nbsp;a la Resid\u00e8ncia per a treballar alguna activitat intergeneracional i si la visita la feiem&nbsp;a Up2Kids, ens preparaven jocs en angl\u00e8s.&nbsp; Va ser una experi\u00e8ncia molt enriquidora i valorada molt positivament des de les escoles.<\/p>\n<p>CONTA CONTES<br \/>\nUn cop al mes, la S\u00f2nia Garcia, mestre d&#8217;infantil de l&#8217;escola Bufal\u00e0, passa la tarda amb nosaltres, ja que \u00e9s la nostra conta contes particular.<br \/>\nDarrerament l&#8217;Anna, una de les nostres volunt\u00e0ries de la biblioteca li dona un cop de m\u00e0&nbsp;i fan un t\u00e0ndem molt xulo.<br \/>\nEl 3r dimarts de mes a les 17:30h us hi esperem!!<br \/>\n<img fetchpriority=\"high\" decoding=\"async\" src=\"https:\/\/avvbufala.org\/wp-content\/uploads\/2020\/12\/image-15-300x300.png\" sizes=\"(max-width: 300px) 100vw, 300px\" srcset=\"https:\/\/avvbufala.org\/wp-content\/uploads\/2020\/12\/image-15-300x300.png 300w, https:\/\/avvbufala.org\/wp-content\/uploads\/2020\/12\/image-15-1024x1024.png 1024w, https:\/\/avvbufala.org\/wp-content\/uploads\/2020\/12\/image-15-150x150.png 150w, https:\/\/avvbufala.org\/wp-content\/uploads\/2020\/12\/image-15-768x768.png 768w, https:\/\/avvbufala.org\/wp-content\/uploads\/2020\/12\/image-15-60x60.png 60w, https:\/\/avvbufala.org\/wp-content\/uploads\/2020\/12\/image-15.png 1178w\" alt=\"\" width=\"300\" height=\"300\"><br \/>\n<img decoding=\"async\" src=\"https:\/\/avvbufala.org\/wp-content\/uploads\/2020\/12\/image-14-300x225.png\" sizes=\"(max-width: 300px) 100vw, 300px\" srcset=\"https:\/\/avvbufala.org\/wp-content\/uploads\/2020\/12\/image-14-300x225.png 300w, https:\/\/avvbufala.org\/wp-content\/uploads\/2020\/12\/image-14-80x60.png 80w, https:\/\/avvbufala.org\/wp-content\/uploads\/2020\/12\/image-14.png 512w\" alt=\"\" width=\"300\" height=\"225\"><br \/>\n<img decoding=\"async\" src=\"https:\/\/avvbufala.org\/wp-content\/uploads\/2020\/12\/image-13-300x200.png\" sizes=\"(max-width: 300px) 100vw, 300px\" srcset=\"https:\/\/avvbufala.org\/wp-content\/uploads\/2020\/12\/image-13-300x200.png 300w, https:\/\/avvbufala.org\/wp-content\/uploads\/2020\/12\/image-13-90x60.png 90w, https:\/\/avvbufala.org\/wp-content\/uploads\/2020\/12\/image-13.png 512w\" alt=\"\" width=\"300\" height=\"200\"><br \/>\n<img loading=\"lazy\" decoding=\"async\" src=\"https:\/\/avvbufala.org\/wp-content\/uploads\/2020\/12\/image-12-300x200.png\" sizes=\"(max-width: 300px) 100vw, 300px\" srcset=\"https:\/\/avvbufala.org\/wp-content\/uploads\/2020\/12\/image-12-300x200.png 300w, https:\/\/avvbufala.org\/wp-content\/uploads\/2020\/12\/image-12-90x60.png 90w, https:\/\/avvbufala.org\/wp-content\/uploads\/2020\/12\/image-12.png 512w\" alt=\"\" width=\"300\" height=\"200\"><br \/>\n<img loading=\"lazy\" decoding=\"async\" src=\"https:\/\/avvbufala.org\/wp-content\/uploads\/2020\/12\/image-11-300x200.png\" sizes=\"(max-width: 300px) 100vw, 300px\" srcset=\"https:\/\/avvbufala.org\/wp-content\/uploads\/2020\/12\/image-11-300x200.png 300w, https:\/\/avvbufala.org\/wp-content\/uploads\/2020\/12\/image-11-90x60.png 90w, https:\/\/avvbufala.org\/wp-content\/uploads\/2020\/12\/image-11.png 512w\" alt=\"\" width=\"300\" height=\"200\"><\/p>\n","protected":false},"excerpt":{"rendered":"<p>SERVEIS QUE OFERIM: La biblioteca ofereix diferents serveis com son: * servei de pr\u00e9stec&nbsp;de llibres * connexi\u00f3 wifi * espai d&#8217;estudi VISITES ESCOLARS El curs 2018-19, vam arrencar un nou projecte, oferint a les escoles p\u00fabliques del barri&nbsp; (Escola Bufal\u00e0, Escola Planas i Casals i Escola d&#8217;educaci\u00f3 especial Can Barriga) la possibilitat de visitar la &hellip; <\/p>\n","protected":false},"author":1,"featured_media":0,"parent":0,"menu_order":0,"comment_status":"closed","ping_status":"closed","template":"","meta":{"ngg_post_thumbnail":0,"footnotes":""},"_links":{"self":[{"href":"https:\/\/avvbufala.org\/index.php?rest_route=\/wp\/v2\/pages\/3658"}],"collection":[{"href":"https:\/\/avvbufala.org\/index.php?rest_route=\/wp\/v2\/pages"}],"about":[{"href":"https:\/\/avvbufala.org\/index.php?rest_route=\/wp\/v2\/types\/page"}],"author":[{"embeddable":true,"href":"https:\/\/avvbufala.org\/index.php?rest_route=\/wp\/v2\/users\/1"}],"replies":[{"embeddable":true,"href":"https:\/\/avvbufala.org\/index.php?rest_route=%2Fwp%2Fv2%2Fcomments&post=3658"}],"version-history":[{"count":0,"href":"https:\/\/avvbufala.org\/index.php?rest_route=\/wp\/v2\/pages\/3658\/revisions"}],"wp:attachment":[{"href":"https:\/\/avvbufala.org\/index.php?rest_route=%2Fwp%2Fv2%2Fmedia&parent=3658"}],"curies":[{"name":"wp","href":"https:\/\/api.w.org\/{rel}","templated":true}]}}