{"id":3661,"date":"2020-11-03T10:36:14","date_gmt":"2020-11-03T10:36:14","guid":{"rendered":"https:\/\/avvbufala.org\/?page_id=3661"},"modified":"2020-12-18T10:52:50","modified_gmt":"2020-12-18T10:52:50","slug":"aprenem-connectts","status":"publish","type":"page","link":"https:\/\/avvbufala.org\/?page_id=3661","title":{"rendered":"Aprenem connect@ts"},"content":{"rendered":"<p style=\"text-align: center;\">VOLS AJUDAR A FER DEURES?<br \/>\nA l&#8217;Associaci\u00f3 de ve\u00efns de Bufal\u00e0, engeguem un nou projecte educatiu per a donar un cop de m\u00e0 en aquests moments tan dif\u00edcils.<br \/>\nEstem buscant persones volunt\u00e0ries per a ajudar infants de prim\u00e0ria (a partir de 3r) a fer els deures.<br \/>\nEl projecte es dur\u00e0 a terme en modalitat \u00abon-line\u00bb.<br \/>\nSi et veus amb capacitats per a formar part del projecte, escriu-nos a&nbsp;<a style=\"font-size: 1em;\" href=\"mailto:avvbufala@gmail.com\" target=\"_blank\" rel=\"noopener noreferrer\">avvbufala@gmail.com<\/a><br \/>\n<img fetchpriority=\"high\" decoding=\"async\" src=\"https:\/\/avvbufala.org\/wp-content\/uploads\/2020\/11\/Cartell-Aprenem-Connectats-768x1021.jpg\" sizes=\"(max-width: 768px) 100vw, 768px\" srcset=\"https:\/\/avvbufala.org\/wp-content\/uploads\/2020\/11\/Cartell-Aprenem-Connectats-768x1021.jpg 768w, https:\/\/avvbufala.org\/wp-content\/uploads\/2020\/11\/Cartell-Aprenem-Connectats-226x300.jpg 226w, https:\/\/avvbufala.org\/wp-content\/uploads\/2020\/11\/Cartell-Aprenem-Connectats-770x1024.jpg 770w, https:\/\/avvbufala.org\/wp-content\/uploads\/2020\/11\/Cartell-Aprenem-Connectats-1155x1536.jpg 1155w, https:\/\/avvbufala.org\/wp-content\/uploads\/2020\/11\/Cartell-Aprenem-Connectats.jpg 1301w\" alt=\"\" width=\"768\" height=\"1021\"><\/p>\n","protected":false},"excerpt":{"rendered":"<p>VOLS AJUDAR A FER DEURES? A l&#8217;Associaci\u00f3 de ve\u00efns de Bufal\u00e0, engeguem un nou projecte educatiu per a donar un cop de m\u00e0 en aquests moments tan dif\u00edcils. Estem buscant persones volunt\u00e0ries per a ajudar infants de prim\u00e0ria (a partir de 3r) a fer els deures. El projecte es dur\u00e0 a terme en modalitat \u00abon-line\u00bb. &hellip; <\/p>\n","protected":false},"author":1,"featured_media":0,"parent":0,"menu_order":0,"comment_status":"closed","ping_status":"closed","template":"","meta":{"ngg_post_thumbnail":0,"footnotes":""},"_links":{"self":[{"href":"https:\/\/avvbufala.org\/index.php?rest_route=\/wp\/v2\/pages\/3661"}],"collection":[{"href":"https:\/\/avvbufala.org\/index.php?rest_route=\/wp\/v2\/pages"}],"about":[{"href":"https:\/\/avvbufala.org\/index.php?rest_route=\/wp\/v2\/types\/page"}],"author":[{"embeddable":true,"href":"https:\/\/avvbufala.org\/index.php?rest_route=\/wp\/v2\/users\/1"}],"replies":[{"embeddable":true,"href":"https:\/\/avvbufala.org\/index.php?rest_route=%2Fwp%2Fv2%2Fcomments&post=3661"}],"version-history":[{"count":0,"href":"https:\/\/avvbufala.org\/index.php?rest_route=\/wp\/v2\/pages\/3661\/revisions"}],"wp:attachment":[{"href":"https:\/\/avvbufala.org\/index.php?rest_route=%2Fwp%2Fv2%2Fmedia&parent=3661"}],"curies":[{"name":"wp","href":"https:\/\/api.w.org\/{rel}","templated":true}]}}