{"id":3839,"date":"2020-11-09T09:14:46","date_gmt":"2020-11-09T09:14:46","guid":{"rendered":"https:\/\/avvbufala.org\/?page_id=3839"},"modified":"2020-12-18T10:46:35","modified_gmt":"2020-12-18T10:46:35","slug":"punt-omnia","status":"publish","type":"page","link":"https:\/\/avvbufala.org\/?page_id=3839","title":{"rendered":"PUNT OMNIA"},"content":{"rendered":"<p><img fetchpriority=\"high\" decoding=\"async\" class=\"aligncenter\" src=\"https:\/\/avvbufala.org\/wp-content\/uploads\/2020\/11\/PUNT-OMNIA-300x215.png\" sizes=\"(max-width: 300px) 100vw, 300px\" srcset=\"https:\/\/avvbufala.org\/wp-content\/uploads\/2020\/11\/PUNT-OMNIA-300x215.png 300w, https:\/\/avvbufala.org\/wp-content\/uploads\/2020\/11\/PUNT-OMNIA.png 400w\" alt=\"\" width=\"300\" height=\"215\"><\/p>\n<p style=\"color: #000000; text-align: center;\">Es tracta d&#8217;un projecte socioeducatiu&nbsp;que mitjan\u00e7ant les eines TIC es treballen diversos aspectes.&nbsp; Amb l&#8217;ajut del dinamitzador del Punt \u00d2mnia,&nbsp;es duen a terme diferents p\u00edndoles inform\u00e0tiques per a diferents perfils de persones i edats. Es fa servir el Punt \u00d2mnia per a complementar altres tallers que es fan a l&#8217;Associaci\u00f3 de Ve\u00efns i ve\u00efnes (catal\u00e0, fotografia, recerca de feina). S&#8217;estan treballant moltes activitats amb nens a partir de 6 anys (programaci\u00f3, 3D, rol infantil..). S\u2019ha impulsat un projecte coordinat amb el PDC (Pla de desenvolupament comunitari), on donem recolzament a l&#8217;hort comunitari de la Resid\u00e8ncia Parc Serentill.&nbsp;<\/p>\n<p style=\"text-align: center;\">ELS OBJECTIUS DEL PUNT&nbsp;\u00d2MNIA S\u00d3N:<br \/>\n\u2013 Impulsar i afavorir la participaci\u00f3 i autonomia de les persones pel que fa a les noves tecnologies.<br \/>\n\u2013 Desenvolupar habilitats i capacitats personals.<br \/>\n&#8211; Impulsar l&#8217;acci\u00f3 coordinada entre el m\u00f3n associatiu.<br \/>\n\u2013 Fomentar la relaci\u00f3 entre ve\u00efns i ve\u00efnes.<br \/>\n\u2013 Dinamitzar accions comunit\u00e0ries al barri, recolzades pel&nbsp;PDC del districte.<br \/>\n<img decoding=\"async\" src=\"https:\/\/avvbufala.org\/wp-content\/uploads\/2020\/12\/image-18.png\" sizes=\"(max-width: 768px) 100vw, 768px\" srcset=\"https:\/\/avvbufala.org\/wp-content\/uploads\/2020\/12\/image-18.png 768w, https:\/\/avvbufala.org\/wp-content\/uploads\/2020\/12\/image-18-240x300.png 240w, https:\/\/avvbufala.org\/wp-content\/uploads\/2020\/12\/image-18-48x60.png 48w\" alt=\"\" width=\"768\" height=\"960\"><br \/>\n<img decoding=\"async\" src=\"https:\/\/avvbufala.org\/wp-content\/uploads\/2020\/12\/image.png\" sizes=\"(max-width: 300px) 100vw, 300px\" srcset=\"https:\/\/avvbufala.org\/wp-content\/uploads\/2020\/12\/image.png 300w, https:\/\/avvbufala.org\/wp-content\/uploads\/2020\/12\/image-107x60.png 107w\" alt=\"\" width=\"300\" height=\"168\"><br \/>\n<img loading=\"lazy\" decoding=\"async\" src=\"https:\/\/avvbufala.org\/wp-content\/uploads\/2020\/12\/image-1-300x225.png\" sizes=\"(max-width: 300px) 100vw, 300px\" srcset=\"https:\/\/avvbufala.org\/wp-content\/uploads\/2020\/12\/image-1-300x225.png 300w, https:\/\/avvbufala.org\/wp-content\/uploads\/2020\/12\/image-1-768x576.png 768w, https:\/\/avvbufala.org\/wp-content\/uploads\/2020\/12\/image-1-80x60.png 80w, https:\/\/avvbufala.org\/wp-content\/uploads\/2020\/12\/image-1.png 800w\" alt=\"\" width=\"300\" height=\"225\"><\/p>\n","protected":false},"excerpt":{"rendered":"<p>Es tracta d&#8217;un projecte socioeducatiu&nbsp;que mitjan\u00e7ant les eines TIC es treballen diversos aspectes.&nbsp; Amb l&#8217;ajut del dinamitzador del Punt \u00d2mnia,&nbsp;es duen a terme diferents p\u00edndoles inform\u00e0tiques per a diferents perfils de persones i edats. Es fa servir el Punt \u00d2mnia per a complementar altres tallers que es fan a l&#8217;Associaci\u00f3 de Ve\u00efns i ve\u00efnes (catal\u00e0, &hellip; <\/p>\n","protected":false},"author":1,"featured_media":0,"parent":0,"menu_order":0,"comment_status":"closed","ping_status":"closed","template":"","meta":{"ngg_post_thumbnail":0,"footnotes":""},"_links":{"self":[{"href":"https:\/\/avvbufala.org\/index.php?rest_route=\/wp\/v2\/pages\/3839"}],"collection":[{"href":"https:\/\/avvbufala.org\/index.php?rest_route=\/wp\/v2\/pages"}],"about":[{"href":"https:\/\/avvbufala.org\/index.php?rest_route=\/wp\/v2\/types\/page"}],"author":[{"embeddable":true,"href":"https:\/\/avvbufala.org\/index.php?rest_route=\/wp\/v2\/users\/1"}],"replies":[{"embeddable":true,"href":"https:\/\/avvbufala.org\/index.php?rest_route=%2Fwp%2Fv2%2Fcomments&post=3839"}],"version-history":[{"count":0,"href":"https:\/\/avvbufala.org\/index.php?rest_route=\/wp\/v2\/pages\/3839\/revisions"}],"wp:attachment":[{"href":"https:\/\/avvbufala.org\/index.php?rest_route=%2Fwp%2Fv2%2Fmedia&parent=3839"}],"curies":[{"name":"wp","href":"https:\/\/api.w.org\/{rel}","templated":true}]}}