{"id":3840,"date":"2020-11-09T09:14:47","date_gmt":"2020-11-09T09:14:47","guid":{"rendered":"https:\/\/avvbufala.org\/?page_id=3840"},"modified":"2022-01-30T18:15:57","modified_gmt":"2022-01-30T18:15:57","slug":"ioga","status":"publish","type":"page","link":"https:\/\/avvbufala.org\/?page_id=3840","title":{"rendered":"IOGA"},"content":{"rendered":"\t\t<div data-elementor-type=\"wp-page\" data-elementor-id=\"3840\" class=\"elementor elementor-3840\">\n\t\t\t\t\t\t<section class=\"elementor-section elementor-top-section elementor-element elementor-element-65af44f elementor-section-boxed elementor-section-height-default elementor-section-height-default\" data-id=\"65af44f\" data-element_type=\"section\">\n\t\t\t\t\t\t<div class=\"elementor-container elementor-column-gap-default\">\n\t\t\t\t\t<div class=\"elementor-column elementor-col-33 elementor-top-column elementor-element elementor-element-36227c7\" data-id=\"36227c7\" data-element_type=\"column\">\n\t\t\t<div class=\"elementor-widget-wrap elementor-element-populated\">\n\t\t\t\t\t\t<div class=\"elementor-element elementor-element-e7feb4c elementor-widget elementor-widget-image\" data-id=\"e7feb4c\" data-element_type=\"widget\" data-widget_type=\"image.default\">\n\t\t\t\t<div class=\"elementor-widget-container\">\n\t\t\t\t\t\t\t\t\t\t\t\t\t\t\t<img fetchpriority=\"high\" decoding=\"async\" width=\"400\" height=\"287\" src=\"https:\/\/avvbufala.org\/wp-content\/uploads\/2022\/01\/ioga_1.png\" class=\"attachment-large size-large wp-image-5782\" alt=\"\" \/>\t\t\t\t\t\t\t\t\t\t\t\t\t\t\t<\/div>\n\t\t\t\t<\/div>\n\t\t\t\t\t<\/div>\n\t\t<\/div>\n\t\t\t\t<div class=\"elementor-column elementor-col-33 elementor-top-column elementor-element elementor-element-acb7dbf\" data-id=\"acb7dbf\" data-element_type=\"column\">\n\t\t\t<div class=\"elementor-widget-wrap elementor-element-populated\">\n\t\t\t\t\t\t<div class=\"elementor-element elementor-element-8324466 elementor-widget elementor-widget-image\" data-id=\"8324466\" data-element_type=\"widget\" data-widget_type=\"image.default\">\n\t\t\t\t<div class=\"elementor-widget-container\">\n\t\t\t\t\t\t\t\t\t\t\t\t\t\t\t<img decoding=\"async\" width=\"400\" height=\"287\" src=\"https:\/\/avvbufala.org\/wp-content\/uploads\/2022\/01\/ioga_2.png\" class=\"attachment-large size-large wp-image-5784\" alt=\"\" \/>\t\t\t\t\t\t\t\t\t\t\t\t\t\t\t<\/div>\n\t\t\t\t<\/div>\n\t\t\t\t\t<\/div>\n\t\t<\/div>\n\t\t\t\t<div class=\"elementor-column elementor-col-33 elementor-top-column elementor-element elementor-element-5c2e838\" data-id=\"5c2e838\" data-element_type=\"column\">\n\t\t\t<div class=\"elementor-widget-wrap elementor-element-populated\">\n\t\t\t\t\t\t<div class=\"elementor-element elementor-element-821b55c elementor-widget elementor-widget-image\" data-id=\"821b55c\" data-element_type=\"widget\" data-widget_type=\"image.default\">\n\t\t\t\t<div class=\"elementor-widget-container\">\n\t\t\t\t\t\t\t\t\t\t\t\t\t\t\t<img decoding=\"async\" width=\"400\" height=\"287\" src=\"https:\/\/avvbufala.org\/wp-content\/uploads\/2022\/01\/ioga_3.png\" class=\"attachment-large size-large wp-image-5785\" alt=\"\" \/>\t\t\t\t\t\t\t\t\t\t\t\t\t\t\t<\/div>\n\t\t\t\t<\/div>\n\t\t\t\t\t<\/div>\n\t\t<\/div>\n\t\t\t\t\t<\/div>\n\t\t<\/section>\n\t\t\t\t<section class=\"elementor-section elementor-top-section elementor-element elementor-element-821ea65 elementor-section-boxed elementor-section-height-default elementor-section-height-default\" data-id=\"821ea65\" data-element_type=\"section\">\n\t\t\t\t\t\t<div class=\"elementor-container elementor-column-gap-default\">\n\t\t\t\t\t<div class=\"elementor-column elementor-col-100 elementor-top-column elementor-element elementor-element-67f4493c\" data-id=\"67f4493c\" data-element_type=\"column\">\n\t\t\t<div class=\"elementor-widget-wrap elementor-element-populated\">\n\t\t\t\t\t\t<div class=\"elementor-element elementor-element-3948848f elementor-widget elementor-widget-text-editor\" data-id=\"3948848f\" data-element_type=\"widget\" data-widget_type=\"text-editor.default\">\n\t\t\t\t<div class=\"elementor-widget-container\">\n\t\t\t\t\t\t\t\t\t<p style=\"color: #000000; text-align: center;\">Relaxaci\u00f3, respiraci\u00f3 i estiraments s\u00f3n&nbsp;alguns aspectes que es treballen en aquesta activitat.<\/p>\n<p style=\"text-align: center;\">Els principals objectius del grup s\u00f3n:<br>\u2013 Millorar l&#8217;estat dels assistents a nivell f\u00edsic i mental.<br>\u2013 Fomentar la relaci\u00f3 entre els ve\u00efns i ve\u00efnes.<br>\u2013 Promoure un estil de vida m\u00e9s saludable.<\/p><p style=\"text-align: center;\"><br><img loading=\"lazy\" decoding=\"async\" src=\"https:\/\/avvbufala.org\/wp-content\/uploads\/2020\/12\/image-16.png\" sizes=\"(max-width: 810px) 100vw, 810px\" srcset=\"https:\/\/avvbufala.org\/wp-content\/uploads\/2020\/12\/image-16.png 860w, https:\/\/avvbufala.org\/wp-content\/uploads\/2020\/12\/image-16-300x72.png 300w, https:\/\/avvbufala.org\/wp-content\/uploads\/2020\/12\/image-16-768x184.png 768w, https:\/\/avvbufala.org\/wp-content\/uploads\/2020\/12\/image-16-250x60.png 250w\" alt=\"\" width=\"810\" height=\"194\"><\/p>\t\t\t\t\t\t\t\t<\/div>\n\t\t\t\t<\/div>\n\t\t\t\t\t<\/div>\n\t\t<\/div>\n\t\t\t\t\t<\/div>\n\t\t<\/section>\n\t\t\t\t<\/div>\n\t\t","protected":false},"excerpt":{"rendered":"<p>Relaxaci\u00f3, respiraci\u00f3 i estiraments s\u00f3n&nbsp;alguns aspectes que es treballen en aquesta activitat. Els principals objectius del grup s\u00f3n:\u2013 Millorar l&#8217;estat dels assistents a nivell f\u00edsic i mental.\u2013 Fomentar la relaci\u00f3 entre els ve\u00efns i ve\u00efnes.\u2013 Promoure un estil de vida m\u00e9s saludable.<\/p>\n","protected":false},"author":1,"featured_media":0,"parent":0,"menu_order":0,"comment_status":"closed","ping_status":"closed","template":"","meta":{"ngg_post_thumbnail":0,"footnotes":""},"_links":{"self":[{"href":"https:\/\/avvbufala.org\/index.php?rest_route=\/wp\/v2\/pages\/3840"}],"collection":[{"href":"https:\/\/avvbufala.org\/index.php?rest_route=\/wp\/v2\/pages"}],"about":[{"href":"https:\/\/avvbufala.org\/index.php?rest_route=\/wp\/v2\/types\/page"}],"author":[{"embeddable":true,"href":"https:\/\/avvbufala.org\/index.php?rest_route=\/wp\/v2\/users\/1"}],"replies":[{"embeddable":true,"href":"https:\/\/avvbufala.org\/index.php?rest_route=%2Fwp%2Fv2%2Fcomments&post=3840"}],"version-history":[{"count":0,"href":"https:\/\/avvbufala.org\/index.php?rest_route=\/wp\/v2\/pages\/3840\/revisions"}],"wp:attachment":[{"href":"https:\/\/avvbufala.org\/index.php?rest_route=%2Fwp%2Fv2%2Fmedia&parent=3840"}],"curies":[{"name":"wp","href":"https:\/\/api.w.org\/{rel}","templated":true}]}}