{"id":3842,"date":"2020-11-09T09:14:47","date_gmt":"2020-11-09T09:14:47","guid":{"rendered":"https:\/\/avvbufala.org\/?page_id=3842"},"modified":"2020-12-18T10:41:44","modified_gmt":"2020-12-18T10:41:44","slug":"catala","status":"publish","type":"page","link":"https:\/\/avvbufala.org\/?page_id=3842","title":{"rendered":"CATAL\u00c0"},"content":{"rendered":"<p><img fetchpriority=\"high\" decoding=\"async\" class=\"aligncenter\" src=\"https:\/\/avvbufala.org\/wp-content\/uploads\/2020\/11\/CATALA-300x215.png\" sizes=\"(max-width: 300px) 100vw, 300px\" srcset=\"https:\/\/avvbufala.org\/wp-content\/uploads\/2020\/11\/CATALA-300x215.png 300w, https:\/\/avvbufala.org\/wp-content\/uploads\/2020\/11\/CATALA.png 400w\" alt=\"\" width=\"300\" height=\"215\"><\/p>\n<p style=\"color: #000000; text-align: center;\">Un grup d&#8217;unes 15 persones es reuneixen un parell de dies a la setmana per millorar el seu catal\u00e0 i la seva confian\u00e7a en parlar l&#8217;idioma.&nbsp;<\/p>\n<p style=\"text-align: center;\">El grup de lectura \u00e9s recolzat per una volunt\u00e0ria de Normalitzaci\u00f3 Ling\u00fc\u00edstica i el grup de conversa \u00e9s dinamitzat des del Punt \u00d2mnia.<\/p>\n<p style=\"text-align: center;\">L&#8217;objectiu \u00e9s aconseguir una millora en la lecto-escriptura del catal\u00e0, la interrelaci\u00f3 amb altres ve\u00efns i&nbsp; la participaci\u00f3 a diverses activitats culturals promogudes per el centre de Normalitzaci\u00f3 Ling\u00fc\u00edstica.&nbsp;&nbsp;<\/p>\n<p><img decoding=\"async\" class=\"aligncenter\" src=\"https:\/\/avvbufala.org\/wp-content\/uploads\/2020\/12\/image-10-300x225.png\" sizes=\"(max-width: 300px) 100vw, 300px\" srcset=\"https:\/\/avvbufala.org\/wp-content\/uploads\/2020\/12\/image-10-300x225.png 300w, https:\/\/avvbufala.org\/wp-content\/uploads\/2020\/12\/image-10-80x60.png 80w, https:\/\/avvbufala.org\/wp-content\/uploads\/2020\/12\/image-10.png 480w\" alt=\"\" width=\"300\" height=\"225\"><br \/>\n<img decoding=\"async\" class=\"aligncenter\" src=\"https:\/\/avvbufala.org\/wp-content\/uploads\/2020\/12\/image-9-300x221.png\" sizes=\"(max-width: 300px) 100vw, 300px\" srcset=\"https:\/\/avvbufala.org\/wp-content\/uploads\/2020\/12\/image-9-300x221.png 300w, https:\/\/avvbufala.org\/wp-content\/uploads\/2020\/12\/image-9-768x564.png 768w, https:\/\/avvbufala.org\/wp-content\/uploads\/2020\/12\/image-9-82x60.png 82w, https:\/\/avvbufala.org\/wp-content\/uploads\/2020\/12\/image-9-540x400.png 540w, https:\/\/avvbufala.org\/wp-content\/uploads\/2020\/12\/image-9.png 800w\" alt=\"\" width=\"300\" height=\"221\"><\/p>\n","protected":false},"excerpt":{"rendered":"<p>Un grup d&#8217;unes 15 persones es reuneixen un parell de dies a la setmana per millorar el seu catal\u00e0 i la seva confian\u00e7a en parlar l&#8217;idioma.&nbsp; El grup de lectura \u00e9s recolzat per una volunt\u00e0ria de Normalitzaci\u00f3 Ling\u00fc\u00edstica i el grup de conversa \u00e9s dinamitzat des del Punt \u00d2mnia. L&#8217;objectiu \u00e9s aconseguir una millora en &hellip; <\/p>\n","protected":false},"author":1,"featured_media":0,"parent":0,"menu_order":0,"comment_status":"closed","ping_status":"closed","template":"","meta":{"ngg_post_thumbnail":0,"footnotes":""},"_links":{"self":[{"href":"https:\/\/avvbufala.org\/index.php?rest_route=\/wp\/v2\/pages\/3842"}],"collection":[{"href":"https:\/\/avvbufala.org\/index.php?rest_route=\/wp\/v2\/pages"}],"about":[{"href":"https:\/\/avvbufala.org\/index.php?rest_route=\/wp\/v2\/types\/page"}],"author":[{"embeddable":true,"href":"https:\/\/avvbufala.org\/index.php?rest_route=\/wp\/v2\/users\/1"}],"replies":[{"embeddable":true,"href":"https:\/\/avvbufala.org\/index.php?rest_route=%2Fwp%2Fv2%2Fcomments&post=3842"}],"version-history":[{"count":0,"href":"https:\/\/avvbufala.org\/index.php?rest_route=\/wp\/v2\/pages\/3842\/revisions"}],"wp:attachment":[{"href":"https:\/\/avvbufala.org\/index.php?rest_route=%2Fwp%2Fv2%2Fmedia&parent=3842"}],"curies":[{"name":"wp","href":"https:\/\/api.w.org\/{rel}","templated":true}]}}