{"id":5170,"date":"2020-12-02T10:38:04","date_gmt":"2020-12-02T10:38:04","guid":{"rendered":"https:\/\/avvbufala.org\/?page_id=5170"},"modified":"2020-12-17T11:59:28","modified_gmt":"2020-12-17T11:59:28","slug":"jornades-digualtat","status":"publish","type":"page","link":"https:\/\/avvbufala.org\/?page_id=5170","title":{"rendered":"Jornades d&#8217;igualtat"},"content":{"rendered":"\n<p class=\"has-text-align-center\">Aquestes jornades s&#8217;organitzen amb la finalitat de treballar tota la perspectiva de g\u00e8nere des de la igualtat entre dones i homes.\u00a0Portem dos anys, dissenyant un programa molt divers amb la participaci\u00f3 d&#8217;entitats del barri i de la ciutat.\u00a0S&#8217;han fet tallers per a treballar les cures, xerrada liter\u00e0ria, taula rodona on s&#8217;ha treballat la viol\u00e8ncia de g\u00e8nere, xerrada LGTBI, presentacions de recursos com LA CIBA, tallers d&#8217;autodefensa personal\u2026i sempre amb un final en forma de festa, fins i tot albergant una fira d&#8217;artistes.\u00a0Continuem treballant amb aquest projecte, on volem donar cabuda a que participin activament els homes.<\/p>\n\n\n<p><br><img fetchpriority=\"high\" decoding=\"async\" src=\"https:\/\/avvbufala.org\/wp-content\/uploads\/2020\/12\/image-30.png\" sizes=\"(max-width: 810px) 100vw, 810px\" srcset=\"https:\/\/avvbufala.org\/wp-content\/uploads\/2020\/12\/image-30.png 960w, https:\/\/avvbufala.org\/wp-content\/uploads\/2020\/12\/image-30-300x225.png 300w, https:\/\/avvbufala.org\/wp-content\/uploads\/2020\/12\/image-30-768x576.png 768w, https:\/\/avvbufala.org\/wp-content\/uploads\/2020\/12\/image-30-80x60.png 80w\" alt=\"\" width=\"810\" height=\"608\"><br><br><\/p>\n\n\n<figure class=\"wp-block-gallery columns-2 is-cropped wp-block-gallery-1 is-layout-flex wp-block-gallery-is-layout-flex\"><ul class=\"blocks-gallery-grid\"><li class=\"blocks-gallery-item\"><figure><a href=\"https:\/\/avvbufala.org\/wp-content\/uploads\/2020\/11\/programa-jornades-igualtat.png\"><img decoding=\"async\" width=\"724\" height=\"1024\" src=\"https:\/\/avvbufala.org\/wp-content\/uploads\/2020\/11\/programa-jornades-igualtat-724x1024.png\" alt=\"\" data-id=\"4591\" data-full-url=\"https:\/\/avvbufala.org\/wp-content\/uploads\/2020\/11\/programa-jornades-igualtat.png\" data-link=\"https:\/\/avvbufala.org\/grup-dones\/programa-jornades-igualtat\/\" class=\"wp-image-4591\" srcset=\"https:\/\/avvbufala.org\/wp-content\/uploads\/2020\/11\/programa-jornades-igualtat-724x1024.png 724w, https:\/\/avvbufala.org\/wp-content\/uploads\/2020\/11\/programa-jornades-igualtat-212x300.png 212w, https:\/\/avvbufala.org\/wp-content\/uploads\/2020\/11\/programa-jornades-igualtat-768x1086.png 768w, https:\/\/avvbufala.org\/wp-content\/uploads\/2020\/11\/programa-jornades-igualtat-1086x1536.png 1086w, https:\/\/avvbufala.org\/wp-content\/uploads\/2020\/11\/programa-jornades-igualtat-1448x2048.png 1448w, https:\/\/avvbufala.org\/wp-content\/uploads\/2020\/11\/programa-jornades-igualtat-42x60.png 42w\" sizes=\"(max-width: 724px) 100vw, 724px\" \/><\/a><\/figure><\/li><li class=\"blocks-gallery-item\"><figure><a href=\"https:\/\/avvbufala.org\/wp-content\/uploads\/2020\/11\/programa-igualtat.png\"><img decoding=\"async\" width=\"727\" height=\"1024\" src=\"https:\/\/avvbufala.org\/wp-content\/uploads\/2020\/11\/programa-igualtat-727x1024.png\" alt=\"\" data-id=\"4590\" data-full-url=\"https:\/\/avvbufala.org\/wp-content\/uploads\/2020\/11\/programa-igualtat.png\" data-link=\"https:\/\/avvbufala.org\/grup-dones\/programa-igualtat\/\" class=\"wp-image-4590\" srcset=\"https:\/\/avvbufala.org\/wp-content\/uploads\/2020\/11\/programa-igualtat-727x1024.png 727w, https:\/\/avvbufala.org\/wp-content\/uploads\/2020\/11\/programa-igualtat-213x300.png 213w, https:\/\/avvbufala.org\/wp-content\/uploads\/2020\/11\/programa-igualtat-768x1081.png 768w, https:\/\/avvbufala.org\/wp-content\/uploads\/2020\/11\/programa-igualtat-1091x1536.png 1091w, https:\/\/avvbufala.org\/wp-content\/uploads\/2020\/11\/programa-igualtat-1455x2048.png 1455w, https:\/\/avvbufala.org\/wp-content\/uploads\/2020\/11\/programa-igualtat-43x60.png 43w\" sizes=\"(max-width: 727px) 100vw, 727px\" \/><\/a><\/figure><\/li><\/ul><\/figure>\n","protected":false},"excerpt":{"rendered":"<p>Aquestes jornades s&#8217;organitzen amb la finalitat de treballar tota la perspectiva de g\u00e8nere des de la igualtat entre dones i homes.\u00a0Portem dos anys, dissenyant un programa molt divers amb la participaci\u00f3 d&#8217;entitats del barri i de la ciutat.\u00a0S&#8217;han fet tallers per a treballar les cures, xerrada liter\u00e0ria, taula rodona on s&#8217;ha treballat la viol\u00e8ncia de &hellip; <\/p>\n","protected":false},"author":1,"featured_media":0,"parent":0,"menu_order":0,"comment_status":"closed","ping_status":"closed","template":"","meta":{"ngg_post_thumbnail":0,"footnotes":""},"_links":{"self":[{"href":"https:\/\/avvbufala.org\/index.php?rest_route=\/wp\/v2\/pages\/5170"}],"collection":[{"href":"https:\/\/avvbufala.org\/index.php?rest_route=\/wp\/v2\/pages"}],"about":[{"href":"https:\/\/avvbufala.org\/index.php?rest_route=\/wp\/v2\/types\/page"}],"author":[{"embeddable":true,"href":"https:\/\/avvbufala.org\/index.php?rest_route=\/wp\/v2\/users\/1"}],"replies":[{"embeddable":true,"href":"https:\/\/avvbufala.org\/index.php?rest_route=%2Fwp%2Fv2%2Fcomments&post=5170"}],"version-history":[{"count":0,"href":"https:\/\/avvbufala.org\/index.php?rest_route=\/wp\/v2\/pages\/5170\/revisions"}],"wp:attachment":[{"href":"https:\/\/avvbufala.org\/index.php?rest_route=%2Fwp%2Fv2%2Fmedia&parent=5170"}],"curies":[{"name":"wp","href":"https:\/\/api.w.org\/{rel}","templated":true}]}}

<p class="has-text-align-center">Aquestes jornades s&#8217;organitzen amb la finalitat de treballar tota la perspectiva de gènere des de la igualtat entre dones i homes. Portem dos anys, dissenyant un programa molt divers amb la participació d&#8217;entitats del barri i de la ciutat. S&#8217;han fet tallers per a treballar les cures, xerrada literària, taula rodona on s&#8217;ha treballat la violència de gènere, xerrada LGTBI, presentacions de recursos com LA CIBA, tallers d&#8217;autodefensa personal…i sempre amb un final en forma de festa, fins i tot albergant una fira d&#8217;artistes. Continuem treballant amb aquest projecte, on volem donar cabuda a que participin activament els homes.</p>


<p><br><img fetchpriority="high" decoding="async" src="https://avvbufala.org/wp-content/uploads/2020/12/image-30.png" sizes="(max-width: 810px) 100vw, 810px" srcset="https://avvbufala.org/wp-content/uploads/2020/12/image-30.png 960w, https://avvbufala.org/wp-content/uploads/2020/12/image-30-300x225.png 300w, https://avvbufala.org/wp-content/uploads/2020/12/image-30-768x576.png 768w, https://avvbufala.org/wp-content/uploads/2020/12/image-30-80x60.png 80w" alt="" width="810" height="608"><br><br></p>


<figure class="wp-block-gallery columns-2 is-cropped wp-block-gallery-1 is-layout-flex wp-block-gallery-is-layout-flex"><ul class="blocks-gallery-grid"><li class="blocks-gallery-item"><figure><a href="https://avvbufala.org/wp-content/uploads/2020/11/programa-jornades-igualtat.png"><img decoding="async" width="724" height="1024" src="https://avvbufala.org/wp-content/uploads/2020/11/programa-jornades-igualtat-724x1024.png" alt="" data-id="4591" data-full-url="https://avvbufala.org/wp-content/uploads/2020/11/programa-jornades-igualtat.png" data-link="https://avvbufala.org/grup-dones/programa-jornades-igualtat/" class="wp-image-4591" srcset="https://avvbufala.org/wp-content/uploads/2020/11/programa-jornades-igualtat-724x1024.png 724w, https://avvbufala.org/wp-content/uploads/2020/11/programa-jornades-igualtat-212x300.png 212w, https://avvbufala.org/wp-content/uploads/2020/11/programa-jornades-igualtat-768x1086.png 768w, https://avvbufala.org/wp-content/uploads/2020/11/programa-jornades-igualtat-1086x1536.png 1086w, https://avvbufala.org/wp-content/uploads/2020/11/programa-jornades-igualtat-1448x2048.png 1448w, https://avvbufala.org/wp-content/uploads/2020/11/programa-jornades-igualtat-42x60.png 42w" sizes="(max-width: 724px) 100vw, 724px" /></a></figure></li><li class="blocks-gallery-item"><figure><a href="https://avvbufala.org/wp-content/uploads/2020/11/programa-igualtat.png"><img decoding="async" width="727" height="1024" src="https://avvbufala.org/wp-content/uploads/2020/11/programa-igualtat-727x1024.png" alt="" data-id="4590" data-full-url="https://avvbufala.org/wp-content/uploads/2020/11/programa-igualtat.png" data-link="https://avvbufala.org/grup-dones/programa-igualtat/" class="wp-image-4590" srcset="https://avvbufala.org/wp-content/uploads/2020/11/programa-igualtat-727x1024.png 727w, https://avvbufala.org/wp-content/uploads/2020/11/programa-igualtat-213x300.png 213w, https://avvbufala.org/wp-content/uploads/2020/11/programa-igualtat-768x1081.png 768w, https://avvbufala.org/wp-content/uploads/2020/11/programa-igualtat-1091x1536.png 1091w, https://avvbufala.org/wp-content/uploads/2020/11/programa-igualtat-1455x2048.png 1455w, https://avvbufala.org/wp-content/uploads/2020/11/programa-igualtat-43x60.png 43w" sizes="(max-width: 727px) 100vw, 727px" /></a></figure></li></ul></figure>

<p>Aquestes jornades s&#8217;organitzen amb la finalitat de treballar tota la perspectiva de gènere des de la igualtat entre dones i homes. Portem dos anys, dissenyant un programa molt divers amb la participació d&#8217;entitats del barri i de la ciutat. S&#8217;han fet tallers per a treballar les cures, xerrada literària, taula rodona on s&#8217;ha treballat la violència de &hellip; </p>
