{"id":5172,"date":"2020-12-02T10:38:04","date_gmt":"2020-12-02T10:38:04","guid":{"rendered":"https:\/\/avvbufala.org\/?page_id=5172"},"modified":"2020-12-17T12:04:21","modified_gmt":"2020-12-17T12:04:21","slug":"sant-jordi","status":"publish","type":"page","link":"https:\/\/avvbufala.org\/?page_id=5172","title":{"rendered":"Sant Jordi"},"content":{"rendered":"<p style=\"text-align: center;\">Ja portem uns quants anys que la festa de la Diada de Sant Jordi \u00e9s liderada per la Plataforma Salvem Ca l&#8217;Andal, tot i que la organitzem conjuntament.Es tracta d&#8217;una festa m\u00e9s reivindicativa, ja que el rerefons \u00e9s aconseguir la masia de Ca l&#8217;Andal com a equipament&nbsp;socio cultural.&nbsp;Aquell dia, es munten&nbsp;paradetes de manualitats, s&#8217;organitzen diferents tallers i, en algunes ocasions han col\u00b7laborat monologuistes, grups musicals, grafiters, partides de rol, recital de poesia i, fins i tot, recreaci\u00f3 hist\u00f2rica.<br \/>\n&nbsp;Algun cop s&#8217;ha pogut fer la festa davant de la masia, per\u00f2 aquests darrers anys, com que hi havia obres, s&#8217;ha estat fent davant del parc de Can Barriga. Molts ve\u00efns s&#8217;han apropat a la nostra festa.&nbsp;La idea \u00e9s que a partir d&#8217;ara, ens puguin deixar celebrar Sant Jordi on toca, el que ser\u00e0 el pati de la masia.<br \/>\n<img fetchpriority=\"high\" decoding=\"async\" src=\"https:\/\/avvbufala.org\/wp-content\/uploads\/2020\/12\/image-34.png\" sizes=\"(max-width: 810px) 100vw, 810px\" srcset=\"https:\/\/avvbufala.org\/wp-content\/uploads\/2020\/12\/image-34.png 960w, https:\/\/avvbufala.org\/wp-content\/uploads\/2020\/12\/image-34-300x300.png 300w, https:\/\/avvbufala.org\/wp-content\/uploads\/2020\/12\/image-34-150x150.png 150w, https:\/\/avvbufala.org\/wp-content\/uploads\/2020\/12\/image-34-768x768.png 768w, https:\/\/avvbufala.org\/wp-content\/uploads\/2020\/12\/image-34-60x60.png 60w\" alt=\"\" width=\"810\" height=\"810\"><br \/>\n<img decoding=\"async\" src=\"https:\/\/avvbufala.org\/wp-content\/uploads\/2020\/12\/image-35.png\" sizes=\"(max-width: 810px) 100vw, 810px\" srcset=\"https:\/\/avvbufala.org\/wp-content\/uploads\/2020\/12\/image-35.png 960w, https:\/\/avvbufala.org\/wp-content\/uploads\/2020\/12\/image-35-300x300.png 300w, https:\/\/avvbufala.org\/wp-content\/uploads\/2020\/12\/image-35-150x150.png 150w, https:\/\/avvbufala.org\/wp-content\/uploads\/2020\/12\/image-35-768x768.png 768w, https:\/\/avvbufala.org\/wp-content\/uploads\/2020\/12\/image-35-60x60.png 60w\" alt=\"\" width=\"810\" height=\"810\"><\/p>\n","protected":false},"excerpt":{"rendered":"<p>Ja portem uns quants anys que la festa de la Diada de Sant Jordi \u00e9s liderada per la Plataforma Salvem Ca l&#8217;Andal, tot i que la organitzem conjuntament.Es tracta d&#8217;una festa m\u00e9s reivindicativa, ja que el rerefons \u00e9s aconseguir la masia de Ca l&#8217;Andal com a equipament&nbsp;socio cultural.&nbsp;Aquell dia, es munten&nbsp;paradetes de manualitats, s&#8217;organitzen diferents &hellip; <\/p>\n","protected":false},"author":1,"featured_media":0,"parent":0,"menu_order":0,"comment_status":"closed","ping_status":"closed","template":"","meta":{"ngg_post_thumbnail":0,"footnotes":""},"_links":{"self":[{"href":"https:\/\/avvbufala.org\/index.php?rest_route=\/wp\/v2\/pages\/5172"}],"collection":[{"href":"https:\/\/avvbufala.org\/index.php?rest_route=\/wp\/v2\/pages"}],"about":[{"href":"https:\/\/avvbufala.org\/index.php?rest_route=\/wp\/v2\/types\/page"}],"author":[{"embeddable":true,"href":"https:\/\/avvbufala.org\/index.php?rest_route=\/wp\/v2\/users\/1"}],"replies":[{"embeddable":true,"href":"https:\/\/avvbufala.org\/index.php?rest_route=%2Fwp%2Fv2%2Fcomments&post=5172"}],"version-history":[{"count":0,"href":"https:\/\/avvbufala.org\/index.php?rest_route=\/wp\/v2\/pages\/5172\/revisions"}],"wp:attachment":[{"href":"https:\/\/avvbufala.org\/index.php?rest_route=%2Fwp%2Fv2%2Fmedia&parent=5172"}],"curies":[{"name":"wp","href":"https:\/\/api.w.org\/{rel}","templated":true}]}}

<p style="text-align: center;">Ja portem uns quants anys que la festa de la Diada de Sant Jordi és liderada per la Plataforma Salvem Ca l&#8217;Andal, tot i que la organitzem conjuntament.Es tracta d&#8217;una festa més reivindicativa, ja que el rerefons és aconseguir la masia de Ca l&#8217;Andal com a equipament&nbsp;socio cultural.&nbsp;Aquell dia, es munten&nbsp;paradetes de manualitats, s&#8217;organitzen diferents tallers i, en algunes ocasions han col·laborat monologuistes, grups musicals, grafiters, partides de rol, recital de poesia i, fins i tot, recreació històrica.<br />
&nbsp;Algun cop s&#8217;ha pogut fer la festa davant de la masia, però aquests darrers anys, com que hi havia obres, s&#8217;ha estat fent davant del parc de Can Barriga. Molts veïns s&#8217;han apropat a la nostra festa.&nbsp;La idea és que a partir d&#8217;ara, ens puguin deixar celebrar Sant Jordi on toca, el que serà el pati de la masia.<br />
<img fetchpriority="high" decoding="async" src="https://avvbufala.org/wp-content/uploads/2020/12/image-34.png" sizes="(max-width: 810px) 100vw, 810px" srcset="https://avvbufala.org/wp-content/uploads/2020/12/image-34.png 960w, https://avvbufala.org/wp-content/uploads/2020/12/image-34-300x300.png 300w, https://avvbufala.org/wp-content/uploads/2020/12/image-34-150x150.png 150w, https://avvbufala.org/wp-content/uploads/2020/12/image-34-768x768.png 768w, https://avvbufala.org/wp-content/uploads/2020/12/image-34-60x60.png 60w" alt="" width="810" height="810"><br />
<img decoding="async" src="https://avvbufala.org/wp-content/uploads/2020/12/image-35.png" sizes="(max-width: 810px) 100vw, 810px" srcset="https://avvbufala.org/wp-content/uploads/2020/12/image-35.png 960w, https://avvbufala.org/wp-content/uploads/2020/12/image-35-300x300.png 300w, https://avvbufala.org/wp-content/uploads/2020/12/image-35-150x150.png 150w, https://avvbufala.org/wp-content/uploads/2020/12/image-35-768x768.png 768w, https://avvbufala.org/wp-content/uploads/2020/12/image-35-60x60.png 60w" alt="" width="810" height="810"></p>

<p>Ja portem uns quants anys que la festa de la Diada de Sant Jordi és liderada per la Plataforma Salvem Ca l&#8217;Andal, tot i que la organitzem conjuntament.Es tracta d&#8217;una festa més reivindicativa, ja que el rerefons és aconseguir la masia de Ca l&#8217;Andal com a equipament&nbsp;socio cultural.&nbsp;Aquell dia, es munten&nbsp;paradetes de manualitats, s&#8217;organitzen diferents &hellip; </p>
