{"id":5175,"date":"2020-12-02T10:38:04","date_gmt":"2020-12-02T10:38:04","guid":{"rendered":"https:\/\/avvbufala.org\/?page_id=5175"},"modified":"2020-12-17T11:45:27","modified_gmt":"2020-12-17T11:45:27","slug":"castanyada","status":"publish","type":"page","link":"https:\/\/avvbufala.org\/?page_id=5175","title":{"rendered":"Castanyada"},"content":{"rendered":"<p style=\"text-align: center;\">A la festa de la Castanyada, el m\u00e9s important s\u00f3n les dones de l&#8217;Associaci\u00f3 de ve\u00efns que durant un parell de dies preparen les castanyes, les tallen, les posen en aigua i les acaben torrant. Sense elles no hi hauria festa, s\u00f3n el puntal. I gr\u00e0cies tamb\u00e9 a Bufal\u00e0 Comer\u00e7 que ens regala les castanyes.<\/p>\n<p style=\"text-align: center;\">La festa es complementa amb altres activitats com s\u00f3n tallers, manualitats, concurs de carbasses disfressades, jocs, xocolata calenta que a vegades ens han dut des del Centro Aragon\u00e9s, conta contes&nbsp;tradicional&#8230;. una tarda meravellosa en bona companyia.<\/p>\n<p style=\"text-align: center;\">\n<img fetchpriority=\"high\" decoding=\"async\" src=\"https:\/\/avvbufala.org\/wp-content\/uploads\/2020\/12\/image-22.png\" sizes=\"(max-width: 810px) 100vw, 810px\" srcset=\"https:\/\/avvbufala.org\/wp-content\/uploads\/2020\/12\/image-22.png 960w, https:\/\/avvbufala.org\/wp-content\/uploads\/2020\/12\/image-22-300x168.png 300w, https:\/\/avvbufala.org\/wp-content\/uploads\/2020\/12\/image-22-768x431.png 768w, https:\/\/avvbufala.org\/wp-content\/uploads\/2020\/12\/image-22-107x60.png 107w\" alt=\"\" width=\"810\" height=\"455\"><br \/>\n<img decoding=\"async\" src=\"https:\/\/avvbufala.org\/wp-content\/uploads\/2020\/12\/image-23.png\" sizes=\"(max-width: 810px) 100vw, 810px\" srcset=\"https:\/\/avvbufala.org\/wp-content\/uploads\/2020\/12\/image-23.png 960w, https:\/\/avvbufala.org\/wp-content\/uploads\/2020\/12\/image-23-300x225.png 300w, https:\/\/avvbufala.org\/wp-content\/uploads\/2020\/12\/image-23-768x576.png 768w, https:\/\/avvbufala.org\/wp-content\/uploads\/2020\/12\/image-23-80x60.png 80w\" alt=\"\" width=\"810\" height=\"608\"><\/p>\n","protected":false},"excerpt":{"rendered":"<p>A la festa de la Castanyada, el m\u00e9s important s\u00f3n les dones de l&#8217;Associaci\u00f3 de ve\u00efns que durant un parell de dies preparen les castanyes, les tallen, les posen en aigua i les acaben torrant. Sense elles no hi hauria festa, s\u00f3n el puntal. I gr\u00e0cies tamb\u00e9 a Bufal\u00e0 Comer\u00e7 que ens regala les castanyes. &hellip; <\/p>\n","protected":false},"author":1,"featured_media":0,"parent":0,"menu_order":0,"comment_status":"closed","ping_status":"closed","template":"","meta":{"ngg_post_thumbnail":0,"footnotes":""},"_links":{"self":[{"href":"https:\/\/avvbufala.org\/index.php?rest_route=\/wp\/v2\/pages\/5175"}],"collection":[{"href":"https:\/\/avvbufala.org\/index.php?rest_route=\/wp\/v2\/pages"}],"about":[{"href":"https:\/\/avvbufala.org\/index.php?rest_route=\/wp\/v2\/types\/page"}],"author":[{"embeddable":true,"href":"https:\/\/avvbufala.org\/index.php?rest_route=\/wp\/v2\/users\/1"}],"replies":[{"embeddable":true,"href":"https:\/\/avvbufala.org\/index.php?rest_route=%2Fwp%2Fv2%2Fcomments&post=5175"}],"version-history":[{"count":0,"href":"https:\/\/avvbufala.org\/index.php?rest_route=\/wp\/v2\/pages\/5175\/revisions"}],"wp:attachment":[{"href":"https:\/\/avvbufala.org\/index.php?rest_route=%2Fwp%2Fv2%2Fmedia&parent=5175"}],"curies":[{"name":"wp","href":"https:\/\/api.w.org\/{rel}","templated":true}]}}