{"id":5177,"date":"2020-12-02T10:38:04","date_gmt":"2020-12-02T10:38:04","guid":{"rendered":"https:\/\/avvbufala.org\/?page_id=5177"},"modified":"2020-12-17T12:01:43","modified_gmt":"2020-12-17T12:01:43","slug":"nadal","status":"publish","type":"page","link":"https:\/\/avvbufala.org\/?page_id=5177","title":{"rendered":"Nadal"},"content":{"rendered":"\n<p class=\"has-text-align-center\">Cada any per Nadal, oferim un programa d&#8217;activitats familiars.<br>Enguany, degut a la pand\u00e8mia, no ser\u00e0 possible fer un programa de Nadal com estem acostumats. De totes maneres, estem treballant en un programa alternatiu i adaptant-nos a la situaci\u00f3.<br>Aquest any, la tradicional cantada de nadales que fem a la resid\u00e8ncia Parc Serentill\u00a0 es far\u00e0, per\u00f2 no presencial. Estem preparant un v\u00eddeo que els hi farem arribar perqu\u00e8 el puguin gaudir durant tota una tarda.<br>La fira d\u2019artesania que omple la Pla\u00e7a Boada de ve\u00efns i ve\u00efnes que volen fer les primeres compres de Nadal, la farem en disseny virtual, per tal que pugueu gaudir-la, tafanejar i fer compres artesanals.\u00a0 Hem de deixar de fer compres compulsives per internet a ves a saber on i comprar al comer\u00e7 de proximitat i artesanal.<br>El taller de fanalets, que \u00e9s\u00a0una de les estrelles del Nadal, enguany us enviarem l\u2019enlla\u00e7 amb el v\u00eddeo tutorial de la proposta de fanalets que fem des de l\u2019Associaci\u00f3 de ve\u00efns.\u00a0 No hi haur\u00e0 cavalcada per\u00f2 us convidem a fer-lo i treure el cap per la finestra o balc\u00f3 i encendre\u2019l durant una estona la nit de reis.<br>Tamb\u00e9 hi haur\u00e0 una proposta de tallers de manualitats en v\u00eddeo tutorial per fer-los amb materials que tots tenim a casa.<br>Us convidem a participar a les diferents propostes del programa i si voleu, compartiu amb nosaltres les vostres creacions.<br>Ets que fem des de l&#8217;Associaci\u00f3 de ve\u00efns.\u00a0 No hi haur\u00e0 cavalcada per\u00f2 us convidem a fer-lo i treure el cap per la finestra o balc\u00f3 i encendre&#8217;l durant una estona la nit de reis.<br>Tamb\u00e9 hi haur\u00e0 una proposta de tallers de manualitats en video tutorial per fer-los amb materials que tots tenim a casa.<br>Us convidem a participar a les diferents propostes del programa i si voleu compartiu amb nosaltres les vostres creacions.<\/p>\n\n\n\n<figure class=\"wp-block-image size-large\"><a href=\"https:\/\/avvbufala.org\/wp-content\/uploads\/2020\/12\/Cartell-Nadal-2.jpg\"><img fetchpriority=\"high\" decoding=\"async\" width=\"768\" height=\"1024\" src=\"https:\/\/avvbufala.org\/wp-content\/uploads\/2020\/12\/Cartell-Nadal-2-768x1024.jpg\" alt=\"\" class=\"wp-image-5303\" srcset=\"https:\/\/avvbufala.org\/wp-content\/uploads\/2020\/12\/Cartell-Nadal-2-768x1024.jpg 768w, https:\/\/avvbufala.org\/wp-content\/uploads\/2020\/12\/Cartell-Nadal-2-225x300.jpg 225w, https:\/\/avvbufala.org\/wp-content\/uploads\/2020\/12\/Cartell-Nadal-2-1152x1536.jpg 1152w, https:\/\/avvbufala.org\/wp-content\/uploads\/2020\/12\/Cartell-Nadal-2-45x60.jpg 45w, https:\/\/avvbufala.org\/wp-content\/uploads\/2020\/12\/Cartell-Nadal-2.jpg 1298w\" sizes=\"(max-width: 768px) 100vw, 768px\" \/><\/a><\/figure>\n\n\n<p><img decoding=\"async\" src=\"https:\/\/avvbufala.org\/wp-content\/uploads\/2020\/12\/image-32.png\" sizes=\"(max-width: 720px) 100vw, 720px\" srcset=\"https:\/\/avvbufala.org\/wp-content\/uploads\/2020\/12\/image-32.png 720w, https:\/\/avvbufala.org\/wp-content\/uploads\/2020\/12\/image-32-225x300.png 225w, https:\/\/avvbufala.org\/wp-content\/uploads\/2020\/12\/image-32-45x60.png 45w\" alt=\"\" width=\"720\" height=\"960\"><br><img decoding=\"async\" src=\"https:\/\/avvbufala.org\/wp-content\/uploads\/2020\/12\/image-37.png\" sizes=\"(max-width: 810px) 100vw, 810px\" srcset=\"https:\/\/avvbufala.org\/wp-content\/uploads\/2020\/12\/image-37.png 960w, https:\/\/avvbufala.org\/wp-content\/uploads\/2020\/12\/image-37-300x225.png 300w, https:\/\/avvbufala.org\/wp-content\/uploads\/2020\/12\/image-37-768x576.png 768w, https:\/\/avvbufala.org\/wp-content\/uploads\/2020\/12\/image-37-80x60.png 80w\" alt=\"\" width=\"810\" height=\"608\"><br><br><br><\/p>","protected":false},"excerpt":{"rendered":"<p>Cada any per Nadal, oferim un programa d&#8217;activitats familiars.Enguany, degut a la pand\u00e8mia, no ser\u00e0 possible fer un programa de Nadal com estem acostumats. De totes maneres, estem treballant en un programa alternatiu i adaptant-nos a la situaci\u00f3.Aquest any, la tradicional cantada de nadales que fem a la resid\u00e8ncia Parc Serentill\u00a0 es far\u00e0, per\u00f2 no &hellip; <\/p>\n","protected":false},"author":1,"featured_media":0,"parent":0,"menu_order":0,"comment_status":"closed","ping_status":"closed","template":"","meta":{"ngg_post_thumbnail":0,"footnotes":""},"_links":{"self":[{"href":"https:\/\/avvbufala.org\/index.php?rest_route=\/wp\/v2\/pages\/5177"}],"collection":[{"href":"https:\/\/avvbufala.org\/index.php?rest_route=\/wp\/v2\/pages"}],"about":[{"href":"https:\/\/avvbufala.org\/index.php?rest_route=\/wp\/v2\/types\/page"}],"author":[{"embeddable":true,"href":"https:\/\/avvbufala.org\/index.php?rest_route=\/wp\/v2\/users\/1"}],"replies":[{"embeddable":true,"href":"https:\/\/avvbufala.org\/index.php?rest_route=%2Fwp%2Fv2%2Fcomments&post=5177"}],"version-history":[{"count":0,"href":"https:\/\/avvbufala.org\/index.php?rest_route=\/wp\/v2\/pages\/5177\/revisions"}],"wp:attachment":[{"href":"https:\/\/avvbufala.org\/index.php?rest_route=%2Fwp%2Fv2%2Fmedia&parent=5177"}],"curies":[{"name":"wp","href":"https:\/\/api.w.org\/{rel}","templated":true}]}}

<p class="has-text-align-center">Cada any per Nadal, oferim un programa d&#8217;activitats familiars.<br>Enguany, degut a la pandèmia, no serà possible fer un programa de Nadal com estem acostumats. De totes maneres, estem treballant en un programa alternatiu i adaptant-nos a la situació.<br>Aquest any, la tradicional cantada de nadales que fem a la residència Parc Serentill  es farà, però no presencial. Estem preparant un vídeo que els hi farem arribar perquè el puguin gaudir durant tota una tarda.<br>La fira d’artesania que omple la Plaça Boada de veïns i veïnes que volen fer les primeres compres de Nadal, la farem en disseny virtual, per tal que pugueu gaudir-la, tafanejar i fer compres artesanals.  Hem de deixar de fer compres compulsives per internet a ves a saber on i comprar al comerç de proximitat i artesanal.<br>El taller de fanalets, que és una de les estrelles del Nadal, enguany us enviarem l’enllaç amb el vídeo tutorial de la proposta de fanalets que fem des de l’Associació de veïns.  No hi haurà cavalcada però us convidem a fer-lo i treure el cap per la finestra o balcó i encendre’l durant una estona la nit de reis.<br>També hi haurà una proposta de tallers de manualitats en vídeo tutorial per fer-los amb materials que tots tenim a casa.<br>Us convidem a participar a les diferents propostes del programa i si voleu, compartiu amb nosaltres les vostres creacions.<br>Ets que fem des de l&#8217;Associació de veïns.  No hi haurà cavalcada però us convidem a fer-lo i treure el cap per la finestra o balcó i encendre&#8217;l durant una estona la nit de reis.<br>També hi haurà una proposta de tallers de manualitats en video tutorial per fer-los amb materials que tots tenim a casa.<br>Us convidem a participar a les diferents propostes del programa i si voleu compartiu amb nosaltres les vostres creacions.</p>



<figure class="wp-block-image size-large"><a href="https://avvbufala.org/wp-content/uploads/2020/12/Cartell-Nadal-2.jpg"><img fetchpriority="high" decoding="async" width="768" height="1024" src="https://avvbufala.org/wp-content/uploads/2020/12/Cartell-Nadal-2-768x1024.jpg" alt="" class="wp-image-5303" srcset="https://avvbufala.org/wp-content/uploads/2020/12/Cartell-Nadal-2-768x1024.jpg 768w, https://avvbufala.org/wp-content/uploads/2020/12/Cartell-Nadal-2-225x300.jpg 225w, https://avvbufala.org/wp-content/uploads/2020/12/Cartell-Nadal-2-1152x1536.jpg 1152w, https://avvbufala.org/wp-content/uploads/2020/12/Cartell-Nadal-2-45x60.jpg 45w, https://avvbufala.org/wp-content/uploads/2020/12/Cartell-Nadal-2.jpg 1298w" sizes="(max-width: 768px) 100vw, 768px" /></a></figure>


<p><img decoding="async" src="https://avvbufala.org/wp-content/uploads/2020/12/image-32.png" sizes="(max-width: 720px) 100vw, 720px" srcset="https://avvbufala.org/wp-content/uploads/2020/12/image-32.png 720w, https://avvbufala.org/wp-content/uploads/2020/12/image-32-225x300.png 225w, https://avvbufala.org/wp-content/uploads/2020/12/image-32-45x60.png 45w" alt="" width="720" height="960"><br><img decoding="async" src="https://avvbufala.org/wp-content/uploads/2020/12/image-37.png" sizes="(max-width: 810px) 100vw, 810px" srcset="https://avvbufala.org/wp-content/uploads/2020/12/image-37.png 960w, https://avvbufala.org/wp-content/uploads/2020/12/image-37-300x225.png 300w, https://avvbufala.org/wp-content/uploads/2020/12/image-37-768x576.png 768w, https://avvbufala.org/wp-content/uploads/2020/12/image-37-80x60.png 80w" alt="" width="810" height="608"><br><br><br></p>

<p>Cada any per Nadal, oferim un programa d&#8217;activitats familiars.Enguany, degut a la pandèmia, no serà possible fer un programa de Nadal com estem acostumats. De totes maneres, estem treballant en un programa alternatiu i adaptant-nos a la situació.Aquest any, la tradicional cantada de nadales que fem a la residència Parc Serentill  es farà, però no &hellip; </p>
