{"id":5688,"date":"2021-01-11T11:28:26","date_gmt":"2021-01-11T11:28:26","guid":{"rendered":"https:\/\/avvbufala.org\/?page_id=5688"},"modified":"2021-01-29T11:09:48","modified_gmt":"2021-01-29T11:09:48","slug":"historia-del-barri","status":"publish","type":"page","link":"https:\/\/avvbufala.org\/?page_id=5688","title":{"rendered":"Hist\u00f2ria del barri"},"content":{"rendered":"<p style=\"text-align: center;\">58 anys d\u2019hist\u00f2ria<br \/>\nL\u2019Associaci\u00f3 de Ve\u00efns i Ve\u00efnes de Bufal\u00e0 (AVVB) va n\u00e9ixer el 31 de mar\u00e7 de l\u2019any 1963 amb el nom Associaci\u00f3 de Ve\u00efns Bachs-Bufal\u00e0, i la primera seu va ser el n\u00famero 418 de l\u2019avinguda de Mart\u00ed Pujol.<br \/>\nEls primers anys de l\u2019Associaci\u00f3 van estar molt marcats pel moment pol\u00edtic i el seu marge d\u2019actuaci\u00f3 habitualment anava de la m\u00e0 del Govern municipal. L\u2019any 1962 el Ministerio de la Vivienda comen\u00e7\u00e0 la construcci\u00f3 dels anomenats blocs del Bruc, gestionats per l\u2019Obra Sindical del Hogar, pisos que en principi havien d\u2019acollir i beneficiar ve\u00efns de Badalona, per\u00f2 que a l\u2019hora de la veritat van servir per acollir damnificats de les riuades del 1962 a Sant Roc i, sobretot, barraquistes de Montju\u00efc. Aquest fet va motivar nous socis a l\u2019Associaci\u00f3 de Ve\u00efns de Bufal\u00e0 provinents d\u2019aquests blocs, amb un car\u00e0cter m\u00e9s reivindicatiu, que facilitarien els canvis posteriors.<br \/>\nA finals dels anys seixanta es van produir diverses reivindicacions ve\u00efnals al barri, com per exemple la manifestaci\u00f3 de les galledes d\u2019aigua impulsada pels ve\u00efns i ve\u00efnes dels blocs del Bruc.<br \/>\nEl complex del Bruc es va inaugurar la primavera de 1963. La majoria de ve\u00efns procedien de les barraques de Montju\u00efc, i els pisos lliurats i la zona en general no reunien les condicions m\u00ednimes d\u2019habitabilitat. No hi havia aigua corrent, ni gas, els carrers estaven tots sense asfaltar, l\u2019enllumenat era molt deficient, i quan plovia s\u2019inundaven les plantes baixes amb aig\u00fces brutes, ja que no es disposava de connexi\u00f3 al avegueram general. Un bon dia un grup d\u2019unes 400 ve\u00efnes del Bruc, algunes amb fills i tot, van anar en manifestaci\u00f3 fins a la pla\u00e7a de la Vila carregades amb galledes que feien servir per anar a buscar aigua. All\u00ed, a les portes de l\u2019Ajuntament, van exigir que es fessin les connexions necess\u00e0ries per fer arribar l\u2019aigua al Bruc i poc temps despr\u00e9s l\u2019aigua rajava de les aixetes dels pisos quan les obrien.<\/p>\n<p><img fetchpriority=\"high\" decoding=\"async\" class=\"aligncenter\" src=\"https:\/\/avvbufala.org\/wp-content\/uploads\/2021\/01\/1.png\" sizes=\"(max-width: 474px) 100vw, 474px\" srcset=\"https:\/\/avvbufala.org\/wp-content\/uploads\/2021\/01\/1.png 474w, https:\/\/avvbufala.org\/wp-content\/uploads\/2021\/01\/1-300x200.png 300w, https:\/\/avvbufala.org\/wp-content\/uploads\/2021\/01\/1-90x60.png 90w\" alt=\"\" width=\"474\" height=\"316\"><\/p>\n<p style=\"text-align: center;\">Una altra preocupaci\u00f3 important era la millora dels carrers i el seu asfaltat i condicionament, com ara el clavegueram. L\u2019\u00fanic carrer asfaltat era la carretera de Badalona fins a Montcada, anomenada posteriorment com el carrer Independ\u00e8ncia. A finals dels anys seixanta i fins ben entrats els anys setanta el barri es va mobilitzar d\u2019una forma constant per reclamar la<br \/>\nmillora d\u2019aquests carrers amb intenses mobilitzacions que van ocasionar fortes c\u00e0rregues policials per part de la Policia Armada i la Gu\u00e0rdia Civil. Aquesta lluita va provocar que el 16 setembre de 1977 un ple extraordinari aprov\u00e9s un pressupost de 52 milions de pessetes per urbanitzar carrers del barri. Tamb\u00e9 es va aconseguir que el Ministeri d\u2019Obres P\u00fabliques del<br \/>\nmoment pint\u00e9s els blocs de l\u2019Obra Sindical del Hogar.<\/p>\n<p><img decoding=\"async\" class=\"aligncenter\" src=\"https:\/\/avvbufala.org\/wp-content\/uploads\/2021\/01\/2.png\" sizes=\"(max-width: 360px) 100vw, 360px\" srcset=\"https:\/\/avvbufala.org\/wp-content\/uploads\/2021\/01\/2.png 360w, https:\/\/avvbufala.org\/wp-content\/uploads\/2021\/01\/2-201x300.png 201w, https:\/\/avvbufala.org\/wp-content\/uploads\/2021\/01\/2-40x60.png 40w\" alt=\"\" width=\"360\" height=\"537\"><\/p>\n<p style=\"text-align: center;\">Les obres d\u2019urbanitzaci\u00f3 van comen\u00e7ar el 8 de febrer de 1978. Altres lluites seguien el mateix cam\u00ed, per exemple per reclamar sem\u00e0fors o per aconseguir un centre d\u2019assist\u00e8ncia prim\u00e0ria per el barri, i van finalitzar amb \u00e8xit.<\/p>\n<p style=\"text-align: center;\">Un altre conflicte important va ser la lluita perqu\u00e8 el transport p\u00fablic arrib\u00e9s al barri. Des de l\u2019any 1965 l\u2019empresa Boix explotava una l\u00ednia d\u2019autobusos deficient i prec\u00e0ria fins que se\u2019n va fer c\u00e0rrec l\u2019empresa Transportes Urbanos, SA (TUSA). Finalment, el 7 de mar\u00e7 de 1974, poc abans de les eleccions municipals, ve\u00efns del barri de Bufal\u00e0 i de Pomar van segrestar 4 \u00abtuses\u00bb amb la complicitat dels treballadors de l\u2019empresa i es va aconseguir una millora en el transport p\u00fablic al barri amb connexions i horaris m\u00e9s adaptats a les necessitats.<\/p>\n<p style=\"text-align: center;\">Una de les primeres lluites engegades al barri als anys setanta va ser la que es va portar a terme per aconseguir una escola p\u00fablica al barri. Bufal\u00e0 \u00fanicament tenia quatre escoles privades: l\u2019escola de les bates blanques (1963), depenent del Patronat de Sant Francesc d\u2019Ass\u00eds i situada a la conflu\u00e8ncia dels carrers de Bail\u00e9n amb Independ\u00e8ncia; l\u2019escola Monqui (1963), despr\u00e9s rebatejada com a Cervantes, situada al carrer de Soler i Biosca i que actualment \u00e9s un edifici municipal; les escoles Men\u00e9ndez y Pelayo, situada al carrer de Nou Cases, i l\u2019escola Boix, al carrer de Rubio i Ors.<\/p>\n<p style=\"text-align: center;\">En aquells anys l\u2019Associaci\u00f3 de Ve\u00efns de Bufal\u00e0 ja disposava d\u2019una important for\u00e7a ve\u00efnal i tenia ben clar que per canviar el futur calia lluitar en el present. Per aix\u00f2, les reivindicacions i reclamacions eren cont\u00ednues i intenses, com veurem a continuaci\u00f3.<\/p>\n<p style=\"text-align: center;\">La construcci\u00f3, el 1975, de tres m\u00f2duls escolars de prim\u00e0ria als terrenys de Can Ruti, encara que lluny de Bufal\u00e0, semblava una soluci\u00f3 provisional a la manca d\u2019escoles. A l\u2019estiu del 1976, per\u00f2, els ve\u00efns no confiaven que l\u2019Administraci\u00f3 acab\u00e9s de condicionar l\u2019escola, batejada amb el nom de Planas i Casals, per tal que poguessin comen\u00e7ar les classes el setembre d\u2019aquell any, tal com estava previst.<br \/>\nLa Vocalia de Cultura de l\u2019Associaci\u00f3 de Ve\u00efns i Ve\u00efnes va engegar una campanya per fer con\u00e8ixer al barri l\u2019exist\u00e8ncia de la nova escola i va confeccionar unes llistes amb els noms dels nens i les nenes que volien matricular-s\u2019hi per aix\u00ed pressionar l\u2019Ajuntament.<br \/>\nPassaven els mesos i les promeses municipals no es s\u2019acomplien, i el 18 de setembre de 1976 va ser necess\u00e0ria una manifestaci\u00f3 multitudin\u00e0ria amb m\u00e9s de 3.000 persones a la pla\u00e7a de La Vila per reclamar una escola p\u00fablica. Finalment, un grup de pares i mares i membres de l\u2019Associaci\u00f3 de Ve\u00efns i Ve\u00efnes van for\u00e7ar l\u2019entrada a l\u2019escola de Can Ruti i la van ocupar. Com que l\u2019Ajuntament no en feia el manteniment ni la neteja, ells mateixos ho van fer per tal d\u2019accelerar el comen\u00e7ament de curs I finalment el dia 1 de novembre de 1976 l\u2019escola de Can Ruti va comen\u00e7ar a funcionar. Finalment, l\u2019escola Planas i Casals es va traslladar al carrer de Muntaner al barri de Bufal\u00e0 per tal de millorar les condicions d\u2019accessibilitat.<\/p>\n<p><img decoding=\"async\" class=\"aligncenter\" src=\"https:\/\/avvbufala.org\/wp-content\/uploads\/2021\/01\/3.png\" sizes=\"(max-width: 325px) 100vw, 325px\" srcset=\"https:\/\/avvbufala.org\/wp-content\/uploads\/2021\/01\/3.png 325w, https:\/\/avvbufala.org\/wp-content\/uploads\/2021\/01\/3-300x202.png 300w, https:\/\/avvbufala.org\/wp-content\/uploads\/2021\/01\/3-89x60.png 89w\" alt=\"\" width=\"325\" height=\"219\"><br \/>\n<img loading=\"lazy\" decoding=\"async\" class=\"aligncenter\" src=\"https:\/\/avvbufala.org\/wp-content\/uploads\/2021\/01\/4.png\" sizes=\"(max-width: 327px) 100vw, 327px\" srcset=\"https:\/\/avvbufala.org\/wp-content\/uploads\/2021\/01\/4.png 327w, https:\/\/avvbufala.org\/wp-content\/uploads\/2021\/01\/4-300x200.png 300w, https:\/\/avvbufala.org\/wp-content\/uploads\/2021\/01\/4-90x60.png 90w\" alt=\"\" width=\"327\" height=\"218\"><\/p>\n<p style=\"text-align: center;\">El mateix any 1976 des de l\u2019Associaci\u00f3 de Ve\u00efns i Ve\u00efnes de Bufal\u00e0 es va impulsar una altra reivindicaci\u00f3 important que va permetre aconseguir l\u2019actual pla\u00e7a d\u2019Ant\u00f2nia Boada. El barri no tenia cap zona verda i els infants nom\u00e9s podien jugar al carrer, entre terra i fang, perqu\u00e8 la majoria no estaven asfaltats.<br \/>\nEl 9 de maig de 1976 l\u2019Associaci\u00f3 de Ve\u00efns va fer una festa reivindicativa al solar per reclamar-la. Un tr\u00e0gic succ\u00e9s va accelerar aquesta demanda i el 5 de mar\u00e7 de 1978 s\u2019inaugurava la pla\u00e7a d\u2019Ant\u00f2nia Boada.<br \/>\nTamb\u00e9 recordarem la lluita engegada des de la nostra entitat per aconseguir un espai digne per a la nostra gent gran del barri: despr\u00e9s de moltes reivindicacions, el 9 de desembre de 1985 es va inaugurar el Casal d\u2019Avis Ant\u00f2nia Boada.<\/p>\n<p><img loading=\"lazy\" decoding=\"async\" class=\"aligncenter\" src=\"https:\/\/avvbufala.org\/wp-content\/uploads\/2021\/01\/5.png\" sizes=\"(max-width: 611px) 100vw, 611px\" srcset=\"https:\/\/avvbufala.org\/wp-content\/uploads\/2021\/01\/5.png 611w, https:\/\/avvbufala.org\/wp-content\/uploads\/2021\/01\/5-289x300.png 289w, https:\/\/avvbufala.org\/wp-content\/uploads\/2021\/01\/5-58x60.png 58w\" alt=\"\" width=\"611\" height=\"635\"><\/p>\n<p style=\"text-align: center;\">Els anys passaven, per\u00f2 les reivindicacions continuaven, com per exemple la campanya ve\u00efnal contra els impostos en el rebut de l\u2019aigua (1992-1994), en qu\u00e8 la nostra entitat es va sumar a la iniciativa impulsada des de la Federaci\u00f3 d\u2019Associacions de Ve\u00efns de Badalona (FAVB), i m\u00e9s de 350 ve\u00efns i ve\u00efnes es van adherir a la protesta pel rebut de l\u2019aigua no pagant la part<br \/>\ncorresponent als impostos.<\/p>\n<p style=\"text-align: center;\">En els \u00faltims anys hem continuat reivindicant en diferents fronts, sempre al costat dels ve\u00efns i ve\u00efnes del nostre barri, sumant sinergies amb altres entitats i col\u00b7lectius, com ara les AMPA de les escoles del barri impulsant les festes del barri; el petit comer\u00e7, col\u00b7laborant-hi per tal d\u2019aconseguir un barri millor i m\u00e9s digne, o la plataforma reivindicativa del tur\u00f3 de l\u2019Enric, un \u00e8xit assolit recentment.<br \/>\nEn els \u00faltims anys hem continuat reivindicant en diferents fronts o q\u00fcestions referents a sanitat, educaci\u00f3 o mobilitat, amb reivindicacions potents com ara l\u2019arribada de la l\u00ednia 1 del metro al nostre barri o espais comuns com ara Ca l\u2019Andal com a centre c\u00edvic per al districte o la biblioteca i punt de refer\u00e8ncia.<br \/>\nTamb\u00e9 treballem per enfortir els valors de la bona conviv\u00e8ncia i el respecte mutu a la diversitat i a la defensa de les llibertats comuns com a eixos d\u2019una millor conviv\u00e8ncia ve\u00efnal, i si hi ha res que puguem afirmar \u00e9s que fem tot el que som capa\u00e7os de fer amb ganes i il\u00b7lusi\u00f3.<\/p>\n<p>LA JUNTA<\/p>\n<p><iframe title=\"Barri Bufal\u00e0\" width=\"810\" height=\"608\" src=\"https:\/\/www.youtube.com\/embed\/B9p6GItkGJg?feature=oembed\" frameborder=\"0\" allow=\"accelerometer; autoplay; clipboard-write; encrypted-media; gyroscope; picture-in-picture\" allowfullscreen><\/iframe><\/p>\n<p>&nbsp;<\/p>\n","protected":false},"excerpt":{"rendered":"<p>58 anys d\u2019hist\u00f2ria L\u2019Associaci\u00f3 de Ve\u00efns i Ve\u00efnes de Bufal\u00e0 (AVVB) va n\u00e9ixer el 31 de mar\u00e7 de l\u2019any 1963 amb el nom Associaci\u00f3 de Ve\u00efns Bachs-Bufal\u00e0, i la primera seu va ser el n\u00famero 418 de l\u2019avinguda de Mart\u00ed Pujol. Els primers anys de l\u2019Associaci\u00f3 van estar molt marcats pel moment pol\u00edtic i el &hellip; <\/p>\n","protected":false},"author":1,"featured_media":0,"parent":0,"menu_order":0,"comment_status":"closed","ping_status":"closed","template":"","meta":{"ngg_post_thumbnail":0,"footnotes":""},"_links":{"self":[{"href":"https:\/\/avvbufala.org\/index.php?rest_route=\/wp\/v2\/pages\/5688"}],"collection":[{"href":"https:\/\/avvbufala.org\/index.php?rest_route=\/wp\/v2\/pages"}],"about":[{"href":"https:\/\/avvbufala.org\/index.php?rest_route=\/wp\/v2\/types\/page"}],"author":[{"embeddable":true,"href":"https:\/\/avvbufala.org\/index.php?rest_route=\/wp\/v2\/users\/1"}],"replies":[{"embeddable":true,"href":"https:\/\/avvbufala.org\/index.php?rest_route=%2Fwp%2Fv2%2Fcomments&post=5688"}],"version-history":[{"count":0,"href":"https:\/\/avvbufala.org\/index.php?rest_route=\/wp\/v2\/pages\/5688\/revisions"}],"wp:attachment":[{"href":"https:\/\/avvbufala.org\/index.php?rest_route=%2Fwp%2Fv2%2Fmedia&parent=5688"}],"curies":[{"name":"wp","href":"https:\/\/api.w.org\/{rel}","templated":true}]}}